 Let f = 392 + q. Let o(k) = -k**2 + 8*k - 7. Determine o(f).
0
Let j = -162 + 119. Let f = j + 48. Let a(o) be the third derivative of o**4/24 - 7*o**3/6 - o**2. What is a(f)?
-2
Let k(q) = 15*q + 43. Let r be 20*((-2997)/405 + 1 + 6). What is k(r)?
-77
Suppose 888 = -50*w + 538. Let l(j) = -j**2 - 12*j - 16. Calculate l(w).
19
Let n = -45 + 69. Let i be 6/n*20*(-1 - 0). Let u(r) = -r**3 + 9*r + 0*r**3 - 4*r - 2 - 4*r**2. Determine u(i).
-2
Let l(j) be the first derivative of -7*j**2/2 + 2*j - 156. Let b(s) = -16*s + 3. Let v(i) = -4*b(i) + 9*l(i). Calculate v(-12).
-6
Let j(w) = 28*w - 17*w - 8*w - 31. Let d be j(10). Let z(p) = 33*p**3 - 2*p**2 - 2*p - 1. Determine z(d).
-34
Suppose -3*x = 30 - 42, -7*a + 45 = -x. Let j(u) = -u**3 + 9*u**2 - 16*u + 8. What is j(a)?
-6
Let x(v) = 2*v - 8 - 3 + v**2 - 9 - 3*v + 21. Let o(d) = d**3 - 3*d**2 + d - 3. Let s(q) = -o(q) - 4*x(q). Determine s(-3).
8
Suppose 0 = 5*o - 3*t + 363 - 463, 5*o - 2*t - 100 = 0. Let v(g) be the first derivative of 3*g - o + 3/2*g**2. Give v(-5).
-12
Let g(y) = -4*y**2 + 10*y - 2. Suppose -35 = -3*u - 4*t - 11, u = 5*t - 11. Determine g(u).
-26
Let s = 93 - 88. Let f(n) = -n**2 + 3*n + 15. Let j be f(s). Suppose j*i = -3 + 13. Let a(z) = 2*z**2 - 3*z + 1. Give a(i).
3
Let l(a) = 3*a - 5. Let g(d) be the second derivative of -d**5/20 + 17*d**4/12 - 9*d**3/2 - 41*d**2/2 - 30*d. Let t be g(15). What is l(t)?
7
Let d = 102 + -96. Let h(a) = 19 - 11*a - 9*a + 23*a - d*a. Calculate h(8).
-5
Let r(u) be the second derivative of -u**4/4 - u**3/2 - 13*u**2 + 44*u + 85. Calculate r(-4).
-62
Let r(m) = m**2 - 5*m + 5. Suppose 4*s - 3*s + 5*c - 29 = 0, -2*s = 4*c - 70. Suppose -s + 15 = -4*p. Give r(p).
11
Suppose 8*s = 23*s - 30. Suppose 46*l + s*g - 16 = 48*l, 3*g - 15 = 0. Let b(k) = k**3 + 4*k**2 + k - 1. Give b(l).
5
Suppose 0 = -4*j + 4, 3*y - j - 15 = -4*j. Let c(b) = b**3 - 3*b**2 - 4*b + 2. Let f be c(y). Let p(i) = 4*i**f - 6*i**2 + i + 0*i. Give p(2).
-6
Let u(y) = -372 + y**2 + 27 + 341 - 4*y. Let w = -7 - -11. What is u(w)?
-4
Let s(f) = 3*f**3 + 5*f**2 - f + 2. Let c(i) = -10*i**3 - 15*i**2 + 3*i - 7. Let t(b) = 2*c(b) + 7*s(b). Let q = 8302 - 8305. Determine t(q).
21
Let q(o) be the first derivative of -9*o**2/2 - 103*o - 2057. Calculate q(-13).
14
Let t(o) = -o**2 - 14*o + 79. Let p = 4665 + -4683. What is t(p)?
7
Let h(w) = w**3 - 8*w**2 - 2*w + 3. Let d be 52/(2 - -2)*(5 - 2). Suppose -2*g + 4*i - 6 = -10, -3*g + d = 5*i. Let t be g*((0 - 2) + 3). Give h(t).
-13
Let l(g) be the second derivative of -5*g**3/3 + 147*g**2 - 3008*g. Give l(29).
4
Let g = -2 + 12. Let p(k) = -18 - k**2 - 7*k + 12 + g*k. Determine p(4).
-10
Let i = 79 - 73. Let x(s) = -i*s**2 + 3*s**2 + 1 + 5 - 7 + 5. Suppose -2*r + r + 3 = 0. Calculate x(r).
-23
Let m(b) be the first derivative of -b**4/12 - 2*b**3/3 - 3*b**2 - 16*b - 174. Let g(l) be the first derivative of m(l). Calculate g(-8).
-38
Let a(n) be the third derivative of -7*n**4/8 - n**3/6 - 45407*n**2. Suppose 2*d + 1 - 5 = 0. Calculate a(d).
-43
Suppose -26*r + 75 + 29 = 0. Suppose -r*o = -52*o + 48. Let y(p) = 3*p**3 - 9*p**3 - 4*p**2 + 5*p**2. Determine y(o).
-5
Let k(j) = -3*j**2 + 928 - 13*j**2 - 45*j - j**3 - 922 - 2*j**2. Calculate k(-15).
6
Let n(o) = o**3 - 8*o**2 + o - 9. Let v be 140/8 - (1 - 10/4). Suppose -c + 27 = v. Calculate n(c).
-1
Let i(o) = -14614*o + 77 + 29222*o - 14613*o. Determine i(19).
-18
Let q(b) = -b**3 + 5*b**2 + 4*b - 2. Let y = 15 + -7. Suppose -5*r = -2*r + 3*w - 33, -r - 4*w + y = 0. Suppose r = 4*c, n + 0*c = 2*c. Determine q(n).
-14
Let t(c) = -4*c + 80. Let r be t(19). Let y be (r/(-1) - -8)*(-15)/(-12). Let z(w) = w**3 - 5*w**2 + w + 2. Calculate z(y).
7
Let u(c) = c**3 - 8*c**2 - 4. Suppose 28*o = 33*o + 30. Let s be 0/(-7)*(-3)/o. Let h be (-2 - s)*(-12)/3. What is u(h)?
-4
Let u = -168 - -168. Let a(k) = k**3 - 3*k**2 + k + 13. Let p(h) = 2*h**3 - 7*h**2 + 2*h + 25. Let r(z) = -9*a(z) + 4*p(z). What is r(u)?
-17
Let f(s) = 2*s + 14. Let y(h) = h. Let u(a) = f(a) + y(a). Suppose -189 - 25 = 19*t - 24. Determine u(t).
-16
Let m(n) = 2*n**3 - n**2 - n - 1. Let o(d) = d**3 + 6*d**2 - 9. Let a be o(-7). Let p = a + 14. Let c = p - -43. Calculate m(c).
-3
Let p(t) = -t**3 + 6*t**2 + 15*t - 18. Let o be ((-30)/16)/((-3)/(-2)) + (-3922)/(-424). Calculate p(o).
-26
Let u(w) = -w**2 - 16*w - 1. Let j be (-7 - 120/(-18))*(6 + 21). What is u(j)?
62
Suppose 4 = k + 2. Let m(q) be the first derivative of 2*q**2 + q + 19526. What is m(k)?
9
Let c(y) = 3*y + 2. Let n(o) = 6*o + 3. Suppose -8*f - 31 = -15. Let r(s) = f*n(s) + 5*c(s). Give r(-7).
-17
Let h(i) = -108 + 231 - 116 + 4*i**2 + i**3 - 10*i + 6*i**2. Calculate h(-11).
-4
Suppose -41*v = -59*v. Let y(j) be the second derivative of 0 - 21*j - 2/5*j**5 + 1/12*j**4 + 0*j**2 + v*j**3. Give y(-1).
9
Let q(i) = i + 13. Let y(b) = -b**3 + 10*b**2 + 9*b + 38. Let v be y(11). Give q(v).
29
Let c(n) = 42*n + 5. Let x(p) = -1742*p - 208. Let w(o) = -208*c(o) - 5*x(o). Suppose -4*s - 1000 = 4*s. Let q = s + 124. What is w(q)?
26
Let p(g) = -3*g**2 - 3*g + 6. Suppose -50 = 12*c - 2*c. Determine p(c).
-54
Let f be 2/3 - (-60)/(-9). Let j be 9/f*-3*(-2)/(-3). Let h(m) = 10 + 20*m**j + 25*m**3 - 44*m**3 - 3 + 9*m**2. What is h(-9)?
7
Let l be 10/(-6)*(0 + (-450)/10). Let m(o) = 2*o**2 - 149*o - 70. Calculate m(l).
5
Suppose -n + q - 6*q = -4, 16 = 4*n - q. Let z(p) = 11 + p**2 - n - 3*p - 7*p. Calculate z(6).
-17
Let m(k) be the second derivative of k**3/6 + k**2 + k. Let a be m(-4). Let h(g) be the first derivative of g**4/2 + g**3 + g**2/2 + g - 24368. Determine h(a).
-5
Suppose 4*j = -22 + 22. Let y(m) = -m - 3. Let r(h) = -10*h - 38. Let s(v) = -2*r(v) + 22*y(v). Determine s(j).
10
Suppose -5*j + 0 = -95. Suppose -j*p - 157 = -24. Let y(b) = 5*b - 4. Calculate y(p).
-39
Suppose 0 = -5*j + 3 + 142. Let a = j - 26. Let w(s) = 17*s**3 + 0*s**2 + 4 - 16*s**a + s**2 - 6. What is w(0)?
-2
Let r be (-5)/4*(-1 + 5). Let b(j) = -j**2 - j - 1. Let w(v) = 10*v + 105 + 0*v + 7*v**2 - 5*v + v**3 - 101 + 0*v**3. Let a(s) = r*b(s) - w(s). Determine a(2).
-15
Suppose 0 = -4*d + 2*t + 212, -265 = -5*d + 2*t + 3*t. Let z = d - 52. Let w(r) = r. Let l(h) = 5*h - 7. Let p(i) = z*l(i) - 4*w(i). Determine p(6).
-1
Let n = -13122 - -13118. Let k(d) = d**3 + 3 + 4*d**2 + 2 + d**2 + 4*d. What is k(n)?
5
Let a(l) = 3*l - 2. Let p(i) = 2*i - 1. Let g(r) = -5*a(r) + 8*p(r). Suppose -3*h - 3*q + 15 = 0, -2*q = 7*h - 2*h - 25. Suppose 0 = h*x - 14*x. Calculate g(x).
2
Let n = 91206 + -91198. Let z(h) be the first derivative of 7/2*h**2 + 5*h - 1/3*h**3 - 2. What is z(n)?
-3
Let s(v) = 46*v - 15. Let b be s(-3). Let k = b - -157. Let q(c) be the second derivative of -c**4/6 + 7*c**3/6 - 3*c**2 - 4*c. Determine q(k).
-10
Let c(y) = -7*y**2 - 7*y + 7. Let m(z) = z**2 + 2*z**2 - 4*z**2 + 3*z**2 - 1 - 2*z + 4*z. Let l(i) = -c(i) - 3*m(i). Give l(-3).
2
Let c(m) = m + 5. Suppose -4*b + 8*k + 38 = 6*k, 3*b = k + 30. Suppose 0 = -b*g + 8*g + 2*w, 0 = 3*w. Determine c(g).
5
Suppose -784*f + 779*f = 4*h + 15, 4*f = h + 9. Let z(q) = 2*q**2 + 14*q + 12. Determine z(h).
-8
Suppose -2*j + 487 = -5*k, 0 = 2*k - 6*k + j - 392. Let z = -97 - k. Let f(r) = -3*r**2 + 2*r - 1. What is f(z)?
-9
Let i(c) = c - 15. Suppose -4*s - 6*m = -2*m - 80, 5*s - 84 = 11*m. Give i(s).
4
Suppose 32 = 4*t + 2*v, 2*t + 0*v - 3*v = 8. Let b(l) be the first derivative of l**3/3 - 2*l**2 - 6*l - 2652. Calculate b(t).
15
Suppose s + 12 = 88. Suppose s = -5*g + 61. Let p(t) = 1 - 2*t + 0*t + 0*t + t**2 + t**3. Calculate p(g).
-11
Let r(i) = 7*i**3 + 24*i**2 - 5*i + 12. Let v(l) = -6*l**3 - 24*l**2 + 4*l - 13. Let a(h) = -5*r(h) - 6*v(h). Determine a(-24).
-6
Suppose -8 = 12*c - 11*c. Let y be 15*20/15*(-2)/c. Let r(a) = 4*a**2 - 5*a**2 + 0*a**2 - 15 + y*a + 8. What is r(5)?
-7
Let f(n) = -70873 - 38*n**2 - 14*n**2 + 70874 + 6*n**2 + 2*n. What is f(-1)?
-47
Let w(b) be the third derivative of b**6/360 + b**5/8 - 35*b**4/24 + 137*b**3/6 + 68*b**2. Let u(r) be the first derivative of w(r). Give u(-17).
-1
Let n(g) = -g**3 - 3*g**2 + 5*g - 2. Let w(t) = -t**3 - 13*t**2 - 5*t + 16. Let v be w(-9). Let r = v - -259. Calculate n(r).
-6
Suppose -8 = -3*j + 5*j. Let p(g) = -6*g**2 - 12*g + 5. Let y(k) = 5*k**2 + 10*k - 5. Let t(x) = 6*p(x) + 7